64322 a composite number?
True
Is 3837713 a composite number?
True
Is 17064119 a prime number?
True
Is 269258123 prime?
False
Is 25302871 composite?
True
Is 12589199 composite?
True
Is 2095927 prime?
True
Is 2402581 prime?
False
Is 217233269 prime?
False
Is 24534509 prime?
True
Is 24603563 composite?
False
Is 5958149 a composite number?
True
Is 147938473 composite?
False
Is 50124553 a prime number?
True
Is 65510453 composite?
False
Is 1872373 prime?
False
Is 6286857 a prime number?
False
Is 3533767 prime?
True
Is 17282453 composite?
True
Is 24704257 a composite number?
True
Is 79194237 a prime number?
False
Is 1551853 a prime number?
True
Is 13149511 a composite number?
True
Is 137884811 a prime number?
True
Is 676337 a composite number?
False
Is 18306037 a composite number?
False
Is 808727 prime?
False
Is 25622407 composite?
True
Is 793609 composite?
True
Is 4649741 a composite number?
False
Is 80229509 composite?
True
Is 6337661 prime?
False
Is 4399511 a prime number?
True
Is 950959 prime?
True
Is 142409231 composite?
False
Is 4893539 composite?
True
Is 10747391 a prime number?
True
Is 140884606 a composite number?
True
Is 116118895 a prime number?
False
Is 1788473 a prime number?
True
Is 17389139 prime?
True
Is 4539329 composite?
False
Is 7866179 composite?
False
Is 4978297 prime?
False
Is 11979029 prime?
True
Is 11610427 prime?
True
Is 214579 prime?
False
Is 81342633 prime?
False
Is 856403 prime?
False
Is 193510237 a composite number?
False
Is 4647547 composite?
False
Is 237889229 composite?
False
Is 75969779 a prime number?
True
Is 2496226 prime?
False
Is 1628069 a prime number?
False
Is 8344219 composite?
True
Is 2180957 composite?
False
Is 37301833 prime?
True
Is 1819043 a composite number?
False
Is 3249577 a prime number?
False
Is 2686529 prime?
False
Is 19207091 a prime number?
False
Is 15356723 a prime number?
False
Is 418001 a prime number?
False
Is 292107043 composite?
False
Is 63326761 a prime number?
True
Is 5915773 composite?
False
Is 14956958 a composite number?
True
Is 461473 prime?
False
Is 387627673 a composite number?
False
Is 1921393 a prime number?
True
Is 1258045 a prime number?
False
Is 12585157 prime?
False
Is 38621379 a prime number?
False
Is 275813 a composite number?
False
Is 2263229 composite?
False
Is 27241471 a prime number?
True
Is 11302081 a composite number?
True
Is 177598763 prime?
False
Is 4703606 a composite number?
True
Is 28219577 a composite number?
False
Is 1789391 prime?
True
Is 1115351 a prime number?
True
Is 96604957 prime?
True
Is 53941093 a composite number?
False
Is 67629857 a composite number?
False
Is 4138681 a prime number?
True
Is 104879791 a composite number?
True
Is 333889 a composite number?
True
Is 9094289 a composite number?
False
Is 58215061 prime?
True
Is 10710839 a prime number?
True
Is 4051781 composite?
False
Is 12276211 composite?
False
Is 133470433 composite?
True
Is 79707557 prime?
True
Is 1446722 a composite number?
True
Is 49091803 a composite number?
False
Is 435059 a composite number?
False
Is 3161773 composite?
False
Is 58394471 a composite number?
True
Is 370850507 a composite number?
False
Is 15158653 composite?
False
Is 18021617 prime?
True
Is 3963338 prime?
False
Is 229475539 prime?
True
Is 26854493 composite?
True
Is 1106597 a composite number?
True
Is 6552419 a prime number?
True
Is 38713009 a composite number?
True
Is 703301 a prime number?
True
Is 1476901 prime?
False
Is 5300381 a composite number?
False
Is 412476191 composite?
False
Is 536369 prime?
False
Is 71572909 prime?
True
Is 342295951 a prime number?
False
Is 68221441 a prime number?
False
Is 102481671 a prime number?
False
Is 2274083 a composite number?
True
Is 56074321 prime?
True
Is 27832241 composite?
False
Is 259272691 prime?
False
Is 241639 a prime number?
True
Is 8070089 composite?
True
Is 125121905 composite?
True
Is 60554677 composite?
False
Is 54794639 a prime number?
False
Is 64098209 a prime number?
False
Is 195539 a prime number?
True
Is 1208431 a prime number?
False
Is 3017671 composite?
False
Is 139716919 a prime number?
True
Is 857773603 composite?
False
Is 1114489 a prime number?
True
Is 161163077 a composite number?
True
Is 33372167 a prime number?
True
Is 66234559 a prime number?
True
Is 596705153 a composite number?
True
Is 23083211 prime?
True
Is 8847127 prime?
True
Is 226159987 composite?
False
Is 104723 prime?
True
Is 1062517 a composite number?
True
Is 919325591 prime?
True
Is 243276802 composite?
True
Is 3778823 prime?
True
Is 98858821 a prime number?
False
Is 3515137 a prime number?
False
Is 64109707 prime?
True
Is 4435237 a prime number?
True
Is 980743 prime?
False
Is 1179367 a prime number?
False
Is 54117631 composite?
False
Is 191908931 prime?
False
Is 20484239 prime?
True
Is 1681734749 a composite number?
False
Is 15992819 prime?
False
Is 119885195 a composite number?
True
Is 18721457 a prime number?
True
Is 4425649 a composite number?
True
Is 36370159 prime?
False
Is 5776657 a composite number?
True
Is 5486381 a composite number?
False
Is 55574249 a prime number?
True
Is 60657283 a composite number?
False
Is 3631987 composite?
True
Is 869389 prime?
False
Is 3669959 a composite number?
False
Is 18938993 a composite number?
False
Is 545851 a composite number?
True
Is 2895577 a prime number?
False
Is 91675147 a composite number?
True
Is 174841 a prime number?
False
Is 2282459 a composite number?
False
Is 30632839 composite?
False
Is 19980133 a composite number?
False
Is 1405997 composite?
False
Is 3831733 composite?
False
Is 11874523 a prime number?
True
Is 555337 prime?
True
Is 13654999 a prime number?
False
Is 21320105 prime?
False
Is 9448253 prime?
True
Is 688863751 prime?
True
Is 48045143 prime?
False
Is 6731726 composite?
True
Is 2719583 a composite number?
False
Is 546262159 prime?
True
Is 4357697 a composite number?
True
Is 4235141 composite?
False
Is 1746323 a prime number?
False
Is 52807 a composite number?
False
Is 28532831 a prime number?
True
Is 5561947 composite?
False
Is 2591969 composite?
False
Is 4203109 composite?
False
Is 60589 a prime number?
True
Is 18606733 prime?
True
Is 2125987 composite?
False
Is 8095897 prime?
False
Is 90603791 a composite number?
False
Is 2076197 prime?
False
Is 22010789 a composite number?
True
Is 85539481 a composite number?
False
Is 8590702 composite?
True
Is 24404179 a prime number?
False
Is 341771 a composite number?
False
Is 296005982 a prime number?
False
Is 42199769 composite?
False
Is 83146207 composite?
True
Is 9249947 a composite number?
True
Is 51333911 prime?
False
Is 1685219 a prime number?
False
Is 110761741 a prime number?
True
Is 113700833 a prime number?
True
Is 3168757 a prime number?
True
Is 5864773 prime?
True
Is 104660791 a prime number?
True
Is 31056437 a prime number?
True
Is 35189785 a composite number?
True
Is 61754473 a prime number?
False
Is 23391341 a prime number?
True
Is 5227219 a prime number?
True
Is 50369447 prime?
True
Is 2051359 composite?
False
Is 59438161 a composite number?
True
Is 10313399 prime?
False
Is 171763967 prime?
False
Is 63187 a composite number?
True
Is 63470933 a prime number?
True
Is 241241601 prime?
False
Is 38929 a composite number?
True
Is 728353 composite?
True
Is 8755217 a prime number?
True
Is 2231447 a composite number?
False
Is 29410415 composite?
True
Is 79055237 a composite number?
True
Is 59012285 prime?
False
Is 9551041 a composite number?
True
Is 5222747 prime?
False
Is 19519667 a composite number?
False
Is 97537049 a prime number?
True
Is 10844537 prime?
False
Is 192453979 a prime number?
False
Is 639343 a composite number?
True
Is 1612157 prime?
True
Is 446454037 composite?
True
Is 257864713 prime?
False
Is 441665171 composite?
False
Is 514589 prime?
False
Is 4755193 a composite number?
False
Is 145391657 a composite number?
True
Is 49453351 composite?
True
Is 1726099 prime?
False
Is 615019 composite?
False
Is 8906533 a prime number?
True
Is 176968733 composite?
False
Is 20989579 a prime number?
False
Is 1841507 composite?
True
Is 4096427 a prime number?
True
Is 372938329 prime?
True
Is 366164441 a prime number?
True
Is 625231 a prime number?
True
Is 145553521 a composite number?
False
Is 91449607 a composite number?
True
Is 213027211 composite?
True
Is 979963 a prime 